{"id":10,"date":"2023-05-21T09:24:42","date_gmt":"2023-05-21T09:24:42","guid":{"rendered":"https:\/\/janazaethic.com\/index.php\/services\/"},"modified":"2024-08-16T18:30:08","modified_gmt":"2024-08-16T18:30:08","slug":"services","status":"publish","type":"page","link":"https:\/\/janazaethic.com\/index.php\/services\/","title":{"rendered":"Services"},"content":{"rendered":"<div class=\"wpb-content-wrapper\"><p>[vc_row padding_top_multiplier=\u00a0\u00bbcustom\u00a0\u00bb padding_bottom_multiplier=\u00a0\u00bb6x\u00a0\u00bb rc_heading_color=\u00a0\u00bbwhite\u00a0\u00bb rc_bg_type=\u00a0\u00bbimage\u00a0\u00bb rc_bg_image=\u00a0\u00bb203&Prime; rc_bg_color_overlay=\u00a0\u00bbblack\u00a0\u00bb rc_bg_opacity_overlay=\u00a0\u00bb30&Prime; rc_font_color=\u00a0\u00bb#ffffff\u00a0\u00bb padding_top=\u00a0\u00bb18vw\u00a0\u00bb][vc_column content_width=\u00a0\u00bbcustom\u00a0\u00bb horizontal_content_position=\u00a0\u00bbcenter\u00a0\u00bb text_align=\u00a0\u00bbcenter\u00a0\u00bb custom_content_width=\u00a0\u00bb770&Prime;]<h1 class=\"grve-element grve-title grve-align-inherit grve-h1\"><span>D\u00e9couvrez ce que Janaza Ethic peut vous offrir<\/span><\/h1>[vc_column_text css=\u00a0\u00bb\u00a0\u00bb text_style=\u00a0\u00bbleader-text\u00a0\u00bb]<\/p>\n<p class=\"p1\">Des Services Fun\u00e9raires Personnalis\u00e9s et Respectueux des Traditions : D\u00e9couvrez Nos Offres Adapt\u00e9es \u00e0 Vos Besoins et Valeurs<\/p>\n<p>[\/vc_column_text]<div style=\"height: 40px;\" class=\"grve-empty-space\"><\/div><div class=\"grve-element grve-align-inherit\"><a href=\"#nosservices\" title=\"Contact\" class=\"grve-btn grve-extra-round grve-bg-primary-1 grve-border-primary-1 grve-bg-hover-white grve-border-hover-white grve-text-white grve-text-hover-dark-grey grve-btn-medium\">\r\n\t\t<span>Nos services<\/span>\r\n\t\t\t\t\t\t\t<\/a><\/div>[\/vc_column][\/vc_row][vc_row padding_top_multiplier=\u00a0\u00bb4x\u00a0\u00bb padding_bottom_multiplier=\u00a0\u00bb4x\u00a0\u00bb scroll_section_title=\u00a0\u00bbnosservices\u00a0\u00bb section_id=\u00a0\u00bbnosservices\u00a0\u00bb][vc_column tablet_width=\u00a0\u00bb2-3&Prime; tablet_sm_width=\u00a0\u00bb3-4&Prime;]<h3 data-clipping-color=\"black\" data-animation=\"colored-clipping-left\" data-delay=\"200\" data-duration=\"normal\" class=\"grve-element grve-title grve-align-inherit grve-clipping-animation grve-advanced-animation grve-colored-clipping grve-animated-item grve-subtitle-text\" style=\"margin-bottom: 30px;\"><span>Services Fun\u00e9raires Musulmans<\/span><\/h3><h3 class=\"grve-element grve-animated-text grve-animated-item grve-align-inherit grve-h2 grve-style-2\" data-style=\"style-2\" data-delay=\"200\" data-duration=\"fast\"><span class=\"grve-animated-entry\"><span class=\"grve-line\">Janaza Ethic offre des services sp\u00e9cialis\u00e9s pour les obs\u00e8ques musulmanes et vous guide dans les d\u00e9marches administratives post-fun\u00e9railles.<\/span><\/span><\/h3><div class=\"grve-empty-space grve-height-2x\"><\/div>[vc_row_inner columns_gap=\u00a0\u00bb60&Prime;][vc_column_inner width=\u00a0\u00bb1\/4&Prime;][vc_column_text css=\u00a0\u00bb\u00a0\u00bb animation=\u00a0\u00bbfade-in-up\u00a0\u00bb animation_delay=\u00a0\u00bb200&Prime;]<\/p>\n<p style=\"text-align: justify;\"> Organisation compl\u00e8te des obs\u00e8ques 24h\/24 et 7j\/7, y compris les conseils dans les d\u00e9marches d\u2019aides financi\u00e8res et le rapatriement \u00e0 l\u2019\u00e9tranger.[\/vc_column_text][\/vc_column_inner][vc_column_inner width=\u00a0\u00bb1\/4&Prime;][vc_column_text css=\u00a0\u00bb\u00a0\u00bb animation=\u00a0\u00bbfade-in-up\u00a0\u00bb animation_delay=\u00a0\u00bb300&Prime;]<\/p>\n<p style=\"text-align: justify;\">D\u00e9placement dans les lieux du d\u00e9c\u00e8s (\u00e0 domicile, h\u00f4pitaux, Ehpads), conservation du corps \u00e0 domicile sur table r\u00e9frig\u00e9r\u00e9e, toilette rituelle et mise en bi\u00e8re, avec inhumation en France ou \u00e0 l\u2019\u00e9tranger.<\/p>\n<p>[\/vc_column_text][\/vc_column_inner][vc_column_inner width=\u00a0\u00bb1\/4&Prime;][vc_column_text css=\u00a0\u00bb\u00a0\u00bb animation=\u00a0\u00bbfade-in-up\u00a0\u00bb animation_delay=\u00a0\u00bb300&Prime;]<\/p>\n<p style=\"text-align: justify;\">Transport du d\u00e9funt, d\u00e9marches administratives compl\u00e8tes, transfert vers mosqu\u00e9e, a\u00e9roport ou cimeti\u00e8re, et c\u00e9r\u00e9monie religieuse avec imam.<\/p>\n<p>[\/vc_column_text][\/vc_column_inner][vc_column_inner width=\u00a0\u00bb1\/4&Prime;][vc_column_text css=\u00a0\u00bb\u00a0\u00bb animation=\u00a0\u00bbfade-in-up\u00a0\u00bb animation_delay=\u00a0\u00bb400&Prime;]<\/p>\n<p style=\"text-align: justify;\">Nous offrons une assistance compl\u00e8te pour les d\u00e9marches \u00ab aide au rapatriement des d\u00e9funts alg\u00e9rien \u00bb aupr\u00e8s des consulats d\u2019Alg\u00e9rie.[\/vc_column_text][\/vc_column_inner][vc_column_inner mobile_width=\u00a0\u00bbhide\u00a0\u00bb]<div class=\"grve-empty-space grve-height-2x\"><\/div>[\/vc_column_inner][\/vc_row_inner][vc_row_inner][vc_column_inner width=\u00a0\u00bb1\/2&Prime;]<div class=\"grve-element grve-align-inherit grve-fullwidth-button\"><a href=\"https:\/\/janazaethic.com\/index.php\/mentions-legales-copy\/\" title=\"About\" class=\"grve-btn grve-square grve-bg-black grve-border-black grve-bg-hover-black grve-border-hover-black grve-pulse grve-text-white grve-text-hover-white grve-btn-medium grve-fullwidth-btn grve-fluid-btn-short\">\r\n\t\t<span>Plus de question<\/span>\r\n\t\t\t\t\t\t\t<\/a><\/div>[\/vc_column_inner][vc_column_inner width=\u00a0\u00bb1\/2&Prime;]<div class=\"grve-element grve-align-inherit grve-fullwidth-button\"><a href=\"https:\/\/janazaethic.com\/index.php\/contact\/\" title=\"About\" class=\"grve-btn grve-square grve-bg-black grve-border-black grve-bg-hover-black grve-border-hover-black grve-pulse grve-text-white grve-text-hover-white grve-btn-medium grve-fullwidth-btn grve-fluid-btn-short\">\r\n\t\t<span>Demander un devis<\/span>\r\n\t\t\t\t\t\t\t<\/a><\/div>[\/vc_column_inner][\/vc_row_inner][\/vc_column][\/vc_row][vc_row padding_top_multiplier=\u00a0\u00bb4x\u00a0\u00bb padding_bottom_multiplier=\u00a0\u00bb6x\u00a0\u00bb rc_bg_type=\u00a0\u00bbcolor\u00a0\u00bb rc_bg_color=\u00a0\u00bbrgba(198,161,39,0.2)\u00a0\u00bb][vc_column width=\u00a0\u00bb1\/6&Prime;][\/vc_column][vc_column width=\u00a0\u00bb2\/3&Prime; text_align=\u00a0\u00bbcenter\u00a0\u00bb]<h3 class=\"grve-element grve-title grve-align-inherit grve-subtitle-text\" style=\"margin-bottom: 36px;\"><span>Nos Valeurs<\/span><\/h3><h3 class=\"grve-element grve-title grve-align-inherit grve-h4\"><span>Nous nous engageons \u00e0 respecter avec la plus grande dignit\u00e9 chaque aspect de notre mission fun\u00e9raire. Notre approche repose sur des valeurs de discr\u00e9tion absolue et d&rsquo;\u00e9thique irr\u00e9prochable<\/span><\/h3>[\/vc_column][vc_column width=\u00a0\u00bb1\/6&Prime;][\/vc_column][vc_column]<div class=\"grve-empty-space grve-height-3x\"><\/div>[\/vc_column][\/vc_row][vc_row padding_top_multiplier=\u00a0\u00bb\u00a0\u00bb padding_bottom_multiplier=\u00a0\u00bb4x\u00a0\u00bb mobile_visibility=\u00a0\u00bbhide\u00a0\u00bb][vc_column width=\u00a0\u00bb1\/2&Prime; grve_css=\u00a0\u00bb{\u00ab\u00a0desktop\u00ab\u00a0:{\u00ab\u00a0margin-top\u00ab\u00a0:\u00ab\u00a0-200\u00ab\u00a0,\u00ab\u00a0class\u00ab\u00a0:\u00ab\u00a0grve-wpb-1721630252225\u00ab\u00a0}}\u00a0\u00bb]<div data-animation=\"fade-in-up\" data-delay=\"200\" data-duration=\"normal\" class=\"grve-element grve-media-box grve-align-left grve-animated-item grve-style-2\" style=\"min-height: 400px;\"><div class=\"grve-background-wrapper\"><div class=\"grve-bg-image\"   style=\"background-image: url(https:\/\/janazaethic.com\/wp-content\/uploads\/2024\/07\/masjid-pogung-dalangan-Krg7uLvwoWQ-unsplash-1.jpg);\"><\/div><div class=\"grve-bg-overlay grve-bg-black grve-opacity-55\"><\/div><\/div><div class=\"grve-content-wrapper grve-fixed-colors grve-headings-white grve-text-white grve-link-white grve-link-hover-white\"><div class=\"grve-box-content\"><div class=\"grve-content-inner\"><h3 class=\"grve-box-title grve-h5\">\u00c9thique et Discr\u00e9tion<\/h3>    <p>Nous nous engageons \u00e0 assurer un service respectueux et digne, en toute discr\u00e9tion et avec une \u00e9thique exemplaire.<\/p><\/div>  <\/div><\/div><\/div>[\/vc_column][vc_column width=\u00a0\u00bb1\/2&Prime; grve_css=\u00a0\u00bb{\u00ab\u00a0desktop\u00ab\u00a0:{\u00ab\u00a0margin-top\u00ab\u00a0:\u00ab\u00a0-200px\u00ab\u00a0,\u00ab\u00a0class\u00ab\u00a0:\u00ab\u00a0grve-wpb-1721629771195\u00ab\u00a0}}\u00a0\u00bb]<div data-animation=\"fade-in-up\" data-delay=\"400\" data-duration=\"normal\" class=\"grve-element grve-media-box grve-align-left grve-animated-item grve-style-2\" style=\"min-height: 400px;\"><div class=\"grve-background-wrapper\"><div class=\"grve-bg-image\"   style=\"background-image: url(https:\/\/janazaethic.com\/wp-content\/uploads\/2024\/07\/masjid-pogung-dalangan-63DjDHXAA_c-unsplash.jpg);\"><\/div><div class=\"grve-bg-overlay grve-bg-black grve-opacity-55\"><\/div><\/div><div class=\"grve-content-wrapper grve-fixed-colors grve-headings-white grve-text-white grve-link-white grve-link-hover-white\"><div class=\"grve-box-content\"><div class=\"grve-content-inner\"><h3 class=\"grve-box-title grve-h5\">Respect, Dignit\u00e9 et Discr\u00e9tion<\/h3>    <p>Respect et dignit\u00e9 sont au c\u0153ur de notre service, avec une discr\u00e9tion totale et une conduite \u00e9thique irr\u00e9prochable.<\/p><\/div>  <\/div><\/div><\/div>[\/vc_column][\/vc_row][vc_row padding_top_multiplier=\u00a0\u00bb2x\u00a0\u00bb padding_bottom_multiplier=\u00a0\u00bb4x\u00a0\u00bb mobile_columns_vertical_gap=\u00a0\u00bbnone\u00a0\u00bb][vc_column width=\u00a0\u00bb1\/2&Prime;]<h3 data-clipping-color=\"black\" data-animation=\"colored-clipping-left\" data-delay=\"200\" data-duration=\"normal\" class=\"grve-element grve-title grve-align-inherit grve-clipping-animation grve-advanced-animation grve-colored-clipping grve-animated-item grve-subtitle-text\" style=\"margin-bottom: 30px;\"><span>Nos engagements<\/span><\/h3><h3 class=\"grve-element grve-title grve-align-inherit grve-h4\"><span>Les engagements de PF Janaza Ethic assurent un soutien complet lors des rites fun\u00e9raires musulmans.<\/span><\/h3>[vc_column_text css=\u00a0\u00bb\u00a0\u00bb animation=\u00a0\u00bbfade-in-up\u00a0\u00bb animation_delay=\u00a0\u00bb300&Prime;]PF Janaza Ethic se distingue par une intervention rapide, une assistance et une \u00e9coute disponibles 24h\/24, 7j\/7, le respect scrupuleux des prescriptions islamiques, un professionnalisme ind\u00e9niable, ainsi qu&rsquo;une transparence totale et un respect absolu des prix pratiqu\u00e9s.[\/vc_column_text][\/vc_column][vc_column width=\u00a0\u00bb1\/2&Prime;][\/vc_column][vc_column]<div class=\"grve-empty-space grve-height-2x\"><\/div><div class=\"grve-element grve-divider\"><div class=\"grve-line-divider grve-border\"><\/div><\/div><div class=\"grve-empty-space grve-height-2x\"><\/div>[\/vc_column][vc_column][vc_row_inner][vc_column_inner width=\u00a0\u00bb1\/4&Prime; mobile_width=\u00a0\u00bb1-2&Prime;]<div data-animation=\"fade-in-up\" data-delay=\"200\" data-duration=\"normal\" class=\"grve-element grve-counter grve-align-inherit grve-animated-item\"><div class=\"grve-counter-content\"><div class=\"grve-counter-item grve-h3 grve-text-black\"><span data-thousands-separator-vis=\"\" data-thousands-separator=\",\" data-prefix=\"\" data-suffix=\"\" data-start-val=\"0\" data-end-val=\"7\" data-decimal-points=\"0\" data-decimal-separator=\".\" >0<\/span><\/div><h3 class=\"grve-counter-title grve-h6\">Intervention Rapide<\/h3><\/div><\/div>[\/vc_column_inner][vc_column_inner width=\u00a0\u00bb1\/4&Prime; mobile_width=\u00a0\u00bb1-2&Prime;]<div data-animation=\"fade-in-up\" data-delay=\"300\" data-duration=\"normal\" class=\"grve-element grve-counter grve-align-inherit grve-animated-item\"><div class=\"grve-counter-content\"><div class=\"grve-counter-item grve-h3 grve-text-black\"><span data-thousands-separator-vis=\"\" data-thousands-separator=\",\" data-prefix=\"\" data-suffix=\"h\" data-start-val=\"0\" data-end-val=\"24\" data-decimal-points=\"0\" data-decimal-separator=\".\" >0<\/span><\/div><h3 class=\"grve-counter-title grve-h6\">Assistance Et \u00c9coute<\/h3><\/div><\/div>[\/vc_column_inner][vc_column_inner width=\u00a0\u00bb1\/4&Prime; mobile_width=\u00a0\u00bb1-2&Prime;]<div data-animation=\"fade-in-up\" data-delay=\"400\" data-duration=\"normal\" class=\"grve-element grve-counter grve-align-inherit grve-animated-item\"><div class=\"grve-counter-content\"><div class=\"grve-counter-item grve-h3 grve-text-black\"><span data-thousands-separator-vis=\"\" data-thousands-separator=\",\" data-prefix=\"\" data-suffix=\"%\" data-start-val=\"0\" data-end-val=\"100\" data-decimal-points=\"0\" data-decimal-separator=\".\" >0<\/span><\/div><h3 class=\"grve-counter-title grve-h6\">Respect De La Sunna<\/h3><\/div><\/div>[\/vc_column_inner][vc_column_inner width=\u00a0\u00bb1\/4&Prime; mobile_width=\u00a0\u00bb1-2&Prime;]<div data-animation=\"fade-in-up\" data-delay=\"500\" data-duration=\"normal\" class=\"grve-element grve-counter grve-align-inherit grve-animated-item\"><div class=\"grve-counter-content\"><div class=\"grve-counter-item grve-h3 grve-text-black\"><span data-thousands-separator-vis=\"\" data-thousands-separator=\",\" data-prefix=\"\" data-suffix=\"%\" data-start-val=\"0\" data-end-val=\"100\" data-decimal-points=\"0\" data-decimal-separator=\".\" >0<\/span><\/div><h3 class=\"grve-counter-title grve-h6\">Professionnel<\/h3><\/div><\/div>[\/vc_column_inner][\/vc_row_inner][\/vc_column][\/vc_row][vc_row][vc_column][vc_column_text][\/vc_column_text][\/vc_column][\/vc_row]<\/p>\n<\/div>","protected":false},"excerpt":{"rendered":"<p>[vc_row padding_top_multiplier=\u00a0\u00bbcustom\u00a0\u00bb padding_bottom_multiplier=\u00a0\u00bb6x\u00a0\u00bb rc_heading_color=\u00a0\u00bbwhite\u00a0\u00bb rc_bg_type=\u00a0\u00bbimage\u00a0\u00bb rc_bg_image=\u00a0\u00bb203&Prime; rc_bg_color_overlay=\u00a0\u00bbblack\u00a0\u00bb rc_bg_opacity_overlay=\u00a0\u00bb30&Prime; rc_font_color=\u00a0\u00bb#ffffff\u00a0\u00bb padding_top=\u00a0\u00bb18vw\u00a0\u00bb][vc_column content_width=\u00a0\u00bbcustom\u00a0\u00bb horizontal_content_position=\u00a0\u00bbcenter\u00a0\u00bb text_align=\u00a0\u00bbcenter\u00a0\u00bb custom_content_width=\u00a0\u00bb770&Prime;][vc_column_text css=\u00a0\u00bb\u00a0\u00bb text_style=\u00a0\u00bbleader-text\u00a0\u00bb] Des Services Fun\u00e9raires Personnalis\u00e9s et Respectueux des Traditions : D\u00e9couvrez Nos Offres Adapt\u00e9es \u00e0 Vos Besoins et Valeurs [\/vc_column_text][\/vc_column][\/vc_row][vc_row padding_top_multiplier=\u00a0\u00bb4x\u00a0\u00bb padding_bottom_multiplier=\u00a0\u00bb4x\u00a0\u00bb scroll_section_title=\u00a0\u00bbnosservices\u00a0\u00bb section_id=\u00a0\u00bbnosservices\u00a0\u00bb][vc_column tablet_width=\u00a0\u00bb2-3&Prime; tablet_sm_width=\u00a0\u00bb3-4&Prime;][vc_row_inner columns_gap=\u00a0\u00bb60&Prime;][vc_column_inner width=\u00a0\u00bb1\/4&Prime;][vc_column_text css=\u00a0\u00bb\u00a0\u00bb animation=\u00a0\u00bbfade-in-up\u00a0\u00bb animation_delay=\u00a0\u00bb200&Prime;] Organisation compl\u00e8te des obs\u00e8ques 24h\/24 et 7j\/7, y compris [&hellip;]<\/p>\n","protected":false},"author":1,"featured_media":0,"parent":0,"menu_order":0,"comment_status":"closed","ping_status":"closed","template":"","meta":{"content-type":"","inline_featured_image":false,"footnotes":""},"class_list":["post-10","page","type-page","status-publish","hentry","grve-entry-item"],"_links":{"self":[{"href":"https:\/\/janazaethic.com\/index.php\/wp-json\/wp\/v2\/pages\/10","targetHints":{"allow":["GET"]}}],"collection":[{"href":"https:\/\/janazaethic.com\/index.php\/wp-json\/wp\/v2\/pages"}],"about":[{"href":"https:\/\/janazaethic.com\/index.php\/wp-json\/wp\/v2\/types\/page"}],"author":[{"embeddable":true,"href":"https:\/\/janazaethic.com\/index.php\/wp-json\/wp\/v2\/users\/1"}],"replies":[{"embeddable":true,"href":"https:\/\/janazaethic.com\/index.php\/wp-json\/wp\/v2\/comments?post=10"}],"version-history":[{"count":51,"href":"https:\/\/janazaethic.com\/index.php\/wp-json\/wp\/v2\/pages\/10\/revisions"}],"predecessor-version":[{"id":509,"href":"https:\/\/janazaethic.com\/index.php\/wp-json\/wp\/v2\/pages\/10\/revisions\/509"}],"wp:attachment":[{"href":"https:\/\/janazaethic.com\/index.php\/wp-json\/wp\/v2\/media?parent=10"}],"curies":[{"name":"wp","href":"https:\/\/api.w.org\/{rel}","templated":true}]}}